ns digit of k(5)?
5
Let p(b) = 23*b + 9. Let h be p(-1). What is the units digit of 6/(-36) - h/12?
1
Suppose 2*s - 16 = -4. Let k(f) = 3 - 4 + 3*f - 2. What is the units digit of k(s)?
5
Suppose 0*k + 3070 = 3*k + w, -5*k = -3*w - 5112. What is the thousands digit of k?
1
Let m = -735 + 497. Let w = -129 - m. What is the hundreds digit of w?
1
Let a = -3 + 6. Let i be a/6*5*-8. Let p = i + 35. What is the units digit of p?
5
Suppose 0 = -37*t + t + 10152. What is the hundreds digit of t?
2
Suppose 4*o - 600 = -4*o. Let v be (-2010)/o - (-2)/(-10). Let k = v + 28. What is the units digit of k?
1
Let b be (-1 - (-202)/6) + 56/(-84). Let k = b + 1. What is the tens digit of k?
3
Suppose -639 = -621*n + 618*n. What is the tens digit of n?
1
What is the tens digit of -3*3/(-9)*-5 - -845?
4
Let z(u) = 15*u + 82. What is the tens digit of z(-4)?
2
Let f = -5293 + 7649. What is the thousands digit of f?
2
Let a(b) be the third derivative of -b**4/24 + b**3/3 - 4*b**2. Let c be a(0). Suppose 0 = -c*h + 5*q + 20 - 7, -5*h = -4*q - 75. What is the units digit of h?
9
Suppose q = 2*q + 26. Let p = -3 - 12. Let j = p - q. What is the units digit of j?
1
Let t(l) = 3*l - 10. Suppose 0 = -y + 2*q + 10, 5*y = y - 3*q + 18. Let c be -8 + y - (-12)/2. What is the units digit of t(c)?
2
Suppose -1794*v + 1785*v + 19926 = 0. What is the thousands digit of v?
2
Suppose -13832 = -49*u + 23*u. What is the units digit of u?
2
Suppose 2*a + 2*i - 44 = 0, -3*a + 56 = -i - 30. Let k = -23 + a. Suppose 2*v = 7*v - t - 166, -k*v = -4*t - 136. What is the units digit of v?
3
Let v(x) = -24*x**3 + 3*x**2 + 5*x - 38. What is the units digit of v(-5)?
2
Suppose -926 = -v + y, 4*v - 3689 = 6*y - 5*y. What is the tens digit of v?
2
Let d = 51 - 76. Suppose 3 = -3*z + 24. Let i = z - d. What is the units digit of i?
2
Let g = 9 + 10. Let k = -9 + g. What is the units digit of (-2 + k/4)*98?
9
Let g(x) = -2*x**3 - 8*x**2 + 9*x + 7. Let r(a) = -a**3 - 4*a**2 + 5*a + 3. Let j(l) = -2*g(l) + 5*r(l). What is the tens digit of j(-6)?
3
Suppose -5*j - 4 + 1 = s, -3*s + 2 = 4*j. Let b = 4 - s. Suppose -b*u - u + 72 = 0. What is the units digit of u?
4
Suppose -5*q + 5 = t - 13, 0 = -5*q + 3*t + 26. Suppose -2*r + 2 = -2*n - 6, q*r = -3*n + 23. What is the units digit of 0 + (-8)/(-1) - n?
7
Suppose 38490 = 9*l + 6*l. What is the units digit of l?
6
Let c(j) = 18*j**2 + 62*j + 22. What is the hundreds digit of c(-11)?
5
Suppose k = -2*k + d + 169, 3 = -3*d. Let g = 89 - k. What is the tens digit of g?
3
Let b be (-532)/(-12) - (-8)/12. Let t = 3 + b. Suppose 3*q - 154 + t = -4*u, 142 = 5*u - q. What is the units digit of u?
8
Suppose 0 = -u - u - a + 3, -3*u = -2*a - 22. Suppose 0 = -s - 2, s + u*s = -2*z. Suppose -l = -z*l - 4, y - 20 = 5*l. What is the units digit of y?
5
Let c = 13303 + -9043. What is the hundreds digit of c?
2
Suppose 7*k - 168 = 896. What is the hundreds digit of k?
1
Suppose 3*f - 4*q - 29 = 0, -5*f - 3*q + q + 5 = 0. Suppose -f*c - n = 4*n - 134, 5*c + 4*n - 232 = 0. What is the tens digit of c?
4
Suppose -a + 2*a = 0. Suppose -4*m + h + 508 = a, 0*m + 5*h = 4*m - 524. What is the hundreds digit of m?
1
Suppose 3*t = -2*h + 5, h = 4*t - 3*h. Let v(b) = 73*b**3 - b**2 + 1. What is the units digit of v(t)?
3
Let c(i) = -9*i + 15. Let b be c(6). Let g = -35 - b. What is the units digit of g?
4
Let z be (-15)/20 - (-27)/(-12)*-7. Suppose a - 7 = z. What is the tens digit of a?
2
Suppose 7*z - 3*z - 480 = 0. Let o = 177 - z. What is the units digit of o?
7
What is the tens digit of ((-4)/(-3))/((-55)/(-495))?
1
Let t(s) = 6*s + 20. Let m = 108 + -84. What is the tens digit of t(m)?
6
Let p = 252 + -78. Suppose -2*m = 12 - p. What is the tens digit of m?
8
Let i(x) = x**2 + 4*x - 2. Let a be i(-5). Let h = a - 0. Suppose 0 = h*z - 4*z + 21. What is the units digit of z?
1
Suppose 6*m - 9 = 9. Suppose -5*i - 3*l = -870, i - l + m*l = 167. What is the units digit of i?
7
Let s be 0 + -1 + 0 + 7. Let t(w) = 39 - 24 + 3*w - 22. What is the tens digit of t(s)?
1
Suppose 3*q - 207 = -4*y, -4*q + 338 - 62 = -3*y. Let j be q/15*(2 + 3). Let f = j + -14. What is the units digit of f?
9
Let a = 5 - -70. Suppose -8*p + a = -325. What is the tens digit of p?
5
Suppose 55*s = 41*s + 11102. What is the units digit of s?
3
Let q be 2/(2 - (-8)/(-6)). Let u be 1*(-17 - (q - 6)). Let c = u - -22. What is the units digit of c?
8
Let y be (-10)/15 - 11/(-3). Suppose 10 = y*p - h, 0*p + 14 = 4*p - h. Suppose t - p = -3*t. What is the units digit of t?
1
Let a be ((-7)/(-4))/(2*(-5)/(-80)). Suppose a*u = 12*u + 386. What is the hundreds digit of u?
1
Let x(g) = g**3 - 7*g**2 + 7*g - 2. Let b be x(6). Let k be 1 - 0 - b/(-4). Suppose 8 = 5*d + 28, -k*w + 3*d + 60 = 0. What is the units digit of w?
4
Let m be (-3)/(-9) + 2/3. Let g = m - -14. What is the units digit of g?
5
Let r = 85 + -30. Let a = r - 21. What is the tens digit of a?
3
Suppose -4*f - 56 = -3*x + 168, 0 = f + 3*x + 71. What is the units digit of f/3*(-5 - -2)?
9
Suppose -5*i + 23 = -2*u, u - 7 = -5*i + 4. What is the units digit of -44*i/(-2) - 0?
6
Let i(v) = -3*v + 9. Suppose 0*b - 30 = -3*b. Suppose c - 3*c - b = 0. What is the tens digit of i(c)?
2
Suppose 15*s - 2788 = 11*s. What is the hundreds digit of s?
6
Let w(t) = 27*t**2 - 3*t - 4. Let i be w(3). Suppose 60 = -15*d + 19*d. What is the tens digit of i/d*3/2?
2
Let f be -3*((-12436)/(-12) - 1). What is the units digit of f/(-22) - (-1 + 52/44)?
1
Suppose -4*p + n + 88 = 0, -2*n - n = 2*p - 30. Suppose -26*s = -p*s - 585. What is the units digit of s?
7
Let u be (7 + -3)/4 - -5. Suppose -l = -u - 3. Let n = -2 + l. What is the units digit of n?
7
Let i(y) = 6*y**2 + y**3 - 13*y + 16*y + 10 + y**2. What is the tens digit of i(-6)?
2
Suppose 15*p + 18 = 78. Suppose -3*r + 351 = p*j, -4*r - 3*j = -0*j - 468. What is the units digit of r?
7
Suppose -2*r + 42 + 48 = 0. Let w = 92 - r. What is the tens digit of w?
4
Let o = 85 + -83. Suppose -4*m + 304 = -o*m. What is the tens digit of m?
5
Suppose -329 = -10*v + 3*v. Suppose 2*n - v = n. What is the units digit of n?
7
Let z = 43 + -79. What is the tens digit of (-1 - (-44)/(-16))*z?
3
Suppose 0 = 7*k - 6031 + 921. What is the hundreds digit of k?
7
Let z be -1*(-2)/(-4)*0. Suppose -20*l - 90 = -4*k - 25*l, 3*k = -2*l + 71. Suppose -5*i = -2*d - 40, k = -z*i + 5*i + d. What is the units digit of i?
6
Let h(c) = -c**3 + 5*c**2 - 6*c + 6. Let v be h(4). Suppose -7*y + 3*y + 40 = 0. What is the units digit of v/5 - (-24)/y?
2
Let l be 2 - 870/66 - 4/(-22). Suppose -5*o = 3*r + 145, -4*o + 0*r - 148 = -4*r. Let n = l - o. What is the tens digit of n?
2
What is the tens digit of (-2)/(-25) - (-129140)/1375?
9
Let q = -788 - -1952. What is the hundreds digit of q?
1
Suppose -2*d - f - 284 = 0, 2*f = -4*d - 2*f - 568. Let k = -73 - d. Suppose k + 61 = 5*l. What is the units digit of l?
6
What is the units digit of (-6)/14 - (-187330)/154?
6
Let v be 167/(-3)*(1 - 7). Suppose -3*g = -5*g + v. What is the hundreds digit of g?
1
What is the hundreds digit of 15/(-6)*30696/(-60)?
2
Suppose -89*b = -87*b - 808. Suppose b = 20*o - 16*o. What is the units digit of o?
1
Let g(d) = 44*d - 1. Let v(j) = -89*j + 2. Let h(b) = -5*g(b) - 2*v(b). What is the units digit of h(-6)?
3
What is the thousands digit of 10/9 + 190435/45?
4
What is the units digit of (-38608)/(-266) + (-2)/14?
5
Let n be (-2)/(-7) + (-14)/49. Let t be (8 - (2 + n)) + -3. Suppose 2*b + t*b - 55 = 0. What is the units digit of b?
1
Suppose -3*r - 4*c - 13 = 0, -10 = 3*r - 0*c + c. What is the units digit of (r*(-3)/9)/((-5)/(-250))?
0
Suppose 8 = 2*b - 4*b, -y - 19 = 3*b. Let l = -2 + y. Let i = 31 + l. What is the units digit of i?
2
Let v(k) be the third derivative of 17*k**4/24 + k**3/6 - 18*k**2. What is the tens digit of v(7)?
2
Suppose 5*g = -s - 12, -5*s - 3*g + 9 = -g. Suppose 4*a - 18 = -2*t, -8*a = -t - s*a + 2. What is the units digit of t?
7
Suppose g + 7*g = 24400. What is the units digit of g?
0
Let v = 593 - 55. What is the units digit of v?
8
Let k(b) = 73*b + 83. What is the hundreds digit of k(12)?
9
Let j = 999 + -667. What is the tens digit of j?
3
Suppose 63 = 4*w - 29. Suppose -11 = -3*b - 68. Let i = w - b. What is the units digit of i?
2
W